7).
0
Let f(b) be the first derivative of -b**3 - 5*b**2/2 - 3*b - 1677. Calculate f(-2).
-5
Let o(g) = g + 2. Let z(d) = d**3 - 7*d**2 + 3*d - 24. Let q = 112 + -50. Let x = -55 + q. Let a be z(x). Give o(a).
-1
Suppose 0 = 6*b + 17 - 41. Suppose -3*w = o + 3, 0 = b*o + 3*w + 3 - 0. Let h(z) be the first derivative of z**3/3 - z**2/2 + 10*z + 3. Give h(o).
10
Let n(g) be the second derivative of g**3/2 - 3*g**2/2 + 15*g + 28. Let b = 2 + -4. Let r be (-84)/(-22) + b/(-11). Determine n(r).
9
Let s be 2/(-19) - 22/(-209) - 72/2. Let o(l) = -8*l - 266. Determine o(s).
22
Let q be -26 + 24 + 18 - -3. Let t(o) = -o**3 + 18*o**2 + 21*o - 34. What is t(q)?
4
Let d = 735 + -739. Let q(h) = 2*h**2 - 3*h. Let z(f) = 5*f**2 - 9*f - 1. Let l(o) = -8*q(o) + 3*z(o). What is l(d)?
-7
Let h = -28805 + 28805. Let r(d) = -7*d**2 + 3*d + 3. Let z(u) = 10*u**2 - 4*u - 5. Let q(l) = -7*r(l) - 5*z(l). Give q(h).
4
Suppose 0 = -73*x + 80*x - 14. Let b be (x/(-21)*3)/((-1)/7). Let d(g) = g**2 - 2. Determine d(b).
2
Let f(i) = i**3 - 3 - 2*i**2 + 0*i - 3*i + 5*i**2. Let k(c) = -c**2 - 30*c - 227. Let w = 1069 - 1083. Let o be k(w). What is f(o)?
6
Let r(c) = 33*c - 1. Suppose 4*w - 4*i = w - 1081, 0 = w + i + 365. Let k = w + 364. Determine r(k).
32
Let b = 18 + -14. Let v(c) = -17*c + 11. Let y(q) = 38*q - 25. Let x(s) = 9*v(s) + 4*y(s). Determine x(b).
-5
Let c(l) = -3 - 126*l - 3 + 128*l. Suppose 14*t = 18*t. Suppose -m - 3 = 0, t*i + 5*m + 8 = -i. Determine c(i).
8
Let t be 0 + (-114)/(-7) - (-6)/(-21). Let g(s) = 25*s**2 - 4*s**2 - 9*s**2 + 6*s + 6*s + s**3 + t. Determine g(-11).
5
Let p = 31117/93369 + 2/31123. Let j(d) be the third derivative of 0*d + 0 + 34*d**2 + 1/24*d**4 + p*d**3. Calculate j(0).
2
Let g be ((-10 - -10)/(-8))/2. Let l(v) be the second derivative of 1/2*v**2 + g + 14*v + 4/3*v**3. Determine l(-2).
-15
Let o(t) = -2*t**2 + 3*t - 3. Let f be o(2). Let i(m) = -2998623 + 1499316 + 1499310 + m. Give i(f).
-2
Let y(g) = 32*g**2 + 13 + 18*g - 33*g**2 + 32 - 33*g. Determine y(-17).
11
Let f(s) be the second derivative of 3*s**3 + 262*s**2 + 7364*s. Determine f(-29).
2
Let c(u) be the first derivative of -u**4/4 - 5*u**3/3 - u - 8334. Let i(l) = l**2 + l + 2. Let k be i(-2). Suppose -h = k*h + 25. Determine c(h).
-1
Let m(s) be the first derivative of -s**3/3 - 3*s**2/2 + 38*s + 4510. Determine m(0).
38
Let t = -99 - -157. Let a = 60 - t. Let d(u) = 13*u**2 - 9*u + 13. Let o(z) = 6*z**2 - 4*z + 6. Let c(m) = 4*d(m) - 9*o(m). Calculate c(a).
-10
Let s(d) = 5*d**3 + 17*d**2 + 10*d + 4. Let p(o) = 7*o**3 + 18*o**2 + 8*o + 8. Let l(f) = -2*p(f) + 3*s(f). What is l(-14)?
-4
Let j(a) = a**3 + 2*a**2 + a + 3. Let x = 2251 - 2253. Calculate j(x).
1
Suppose -2585*t = -2584*t + 4. Let p(b) = -7*b - 10. Determine p(t).
18
Let b = -54 - -66. Let x(v) be the second derivative of -v**4/12 + 2*v**3 - 13*v**2/2 + 36*v - 5. Give x(b).
-13
Let o(z) = -2*z + 44. Let y be o(20). Let a = 0 + y. Suppose -2*p = a*u - 6, u = 4*p + 2 - 5. Let j(h) = -8*h**2 - 1. Calculate j(p).
-9
Let f(m) be the third derivative of m**6/120 + 3*m**5/20 + m**4/6 + 14*m**3/3 - m**2 - 658*m. What is f(-9)?
-8
Let r(s) be the third derivative of -s**6/120 - 17*s**5/60 - 19*s**4/24 - 47*s**3/6 - 2*s**2 - 1. What is r(-16)?
1
Suppose -5*g - 83 = 17. Let d(t) = 422*t + 122. Let j(i) = 110*i + 30. Let a(n) = -6*d(n) + 23*j(n). Calculate a(g).
-2
Let w(v) = v**3 - 6*v**2 + 8. Suppose -5*b + 10 = -3*b. Suppose 0*c + 5*c - 21 = -o, 3*c = 3*o - 27. Suppose -g = -2*g + b*j + 31, -g = -j - o. Calculate w(g).
8
Suppose 291 + 29 = 2*b. Suppose q = -3*u + 950, -3*q - 1245 = -2*u - 2*u. Let o(j) = -b*j - 159*j + u*j. Give o(2).
-8
Let c(x) be the first derivative of -60 - 9/2*x**2 - 13*x + 1/3*x**3. Determine c(10).
-3
Let n = -12 + 19. Let q = -538 - -540. Let l(d) = 8*d - 6*d + 6*d + 0 - 6 - 96*d**2 + 95*d**q. Determine l(n).
1
Let f be -21 - ((-25 - 19) + 22). Let y(h) = -19*h**2 - 10*h + 11. What is y(f)?
-18
Let z(j) = -j**3 + 21*j**2 + 23*j - 26. Let h be z(22). Let b be (-92)/69*18/h. Let a(u) = 1 + 2*u - u**2 + 11*u - 6*u. What is a(b)?
7
Let w = -57 + 58. Let b be 4 - (1 + w)*-2. Let j(r) = b*r**2 + 6*r + 6 + 2*r**2 - 11*r**2. Give j(8).
-10
Suppose 201*a - 392*a + 573 = 0. Let w(x) be the first derivative of -2/3*x**a + 1/2*x**2 - 3*x - 1 - 1/4*x**4. What is w(-3)?
3
Let d(x) = 2*x**3 + 46*x**2 - 29*x + 11. Let m(h) = -h**3 - 24*h**2 + 16*h - 5. Let a(g) = -3*d(g) - 5*m(g). What is a(-18)?
-134
Let q be 8/((-64)/12)*(-10)/9*3. Let w(l) be the third derivative of 1/24*l**4 - 13*l**2 + 0*l - 1/60*l**q + 0 + l**3. Determine w(0).
6
Let f(r) = r - 2. Suppose -84*z + 520 = -80*z. Let t = 128 - z. Calculate f(t).
-4
Let f(m) be the third derivative of m**2 + 0 - 16*m + 1/3*m**4 + 1/120*m**6 + m**3 + 2/15*m**5. Let g be (-15)/(-25) + 38/(-5). What is f(g)?
-1
Let j(r) be the first derivative of -r**4/4 - r**3/3 - 5*r + 8116. Give j(-3).
13
Let r(k) = 2*k**3 - k**2 - 2*k + 2. Let t = 13 - 8. Suppose -5*c = 4*z - 7 - 21, -2*z = t*c - 24. Calculate r(z).
10
Let q(k) = -k**3 + 19*k**2 - 19. Let a = 308 + -289. Give q(a).
-19
Let j(z) = -2*z**2 + 1. Let t(f) = -f**3 + 20*f**2 + 2*f - 12. Let p = 117 - 121. Let d(m) = p*j(m) - t(m). What is d(12)?
-16
Let u(t) = 102*t + 142. Let l(c) = -40*c. Let q(y) = -2*l(y) - u(y). Give q(-7).
12
Let t be 219/(4*(-15)/80). Let l = t + 291. Let n(f) = -13*f**3 + f**2 + f + 1. What is n(l)?
14
Let c(y) = -11*y**3 + 16*y**2 + 29*y + 16. Let n(j) = -20*j**3 + 31*j**2 + 57*j + 32. Let o(u) = 9*c(u) - 5*n(u). Determine o(13).
10
Let f(u) be the second derivative of -u**3 - 1/3*u**4 + 1/20*u**5 + 2*u**2 - u + 37. Determine f(5).
-1
Let l(h) = 13*h + 88. Suppose -4*q - 8 = 4*j, -4*j + 719 = 3*q + 721. Calculate l(q).
10
Suppose 4*a - 2*b + 3 = 47, -b - 11 = -a. Suppose 0 = 18*m + 26*m - a*m. Let z(t) = t + 7. What is z(m)?
7
Suppose -11*l + 18 = 7*l. Let m(t) = -3*t**3 + 3*t**2 - 5*t + 4. Give m(l).
-1
Suppose -21*x + 156 = x + 4*x. Let y(s) = 8*s - 31. Determine y(x).
17
Let w(z) = z**3 + 7*z**2 + z + 11. Let m be w(-7). Suppose 5*f + 5*u + 5 = 0, f - 37 + 13 = m*u. Let b(r) = -r + 4. What is b(f)?
0
Let i(a) be the first derivative of 3*a**2/2 + 41. Let w(b) = 2*b**3 + 2*b**2 - 6*b + 5. Let j be w(3). Let d = j - 62. Determine i(d).
-9
Let y(w) = 7*w**2 + 5774*w + 29. Let l(s) = s**2 + 1019*s + 5. Let d(z) = 17*l(z) - 3*y(z). Suppose -7*u = -3*u - m + 6, -12 = 5*u + m. Determine d(u).
-20
Let g be -3 + 38 + -62 - -21. Let n(k) be the third derivative of -k**5/60 - k**4/3 - 17*k**3/6 + k**2. Calculate n(g).
-5
Let p(m) = -2*m**3 - 2*m**2 - 2*m + 1. Let j be (-5 + 3)/(2/(-16)). Let n be j/(-7) - (-58)/203. Determine p(n).
13
Let l(u) be the third derivative of -u**5/60 + 13*u**4/24 + u**3/2 + 1305*u**2. Determine l(9).
39
Let m(q) = -q**2 + 272*q - 89*q - 96*q + 5 - 95*q. Determine m(-4).
21
Let q(n) = n**3 - 6*n**2 + n - 2. Let z(d) = 4*d**3 - 21*d**2 - d + 1. Let a(s) = 5*q(s) - z(s). Calculate a(8).
-27
Let y(p) = -5*p - 108. Let d be y(-22). Let w(k) = -8 + 8*k + 2*k**d - 7 + 11 - 6. Calculate w(-5).
0
Suppose 5*g = s - 21 + 32, 0 = -g + 3*s + 5. Let r(m) be the first derivative of 3*m - 16 + 0*m**g - 1/3*m**3. What is r(4)?
-13
Let s(g) be the second derivative of g**3/3 - 31*g**2/2 + 920*g. Give s(12).
-7
Let b(g) = -6*g**3 + 73*g**2 - 7*g - 54. Let w be b(12). Let a(p) = -p**2 + 13*p - 37. Give a(w).
5
Let x(f) = -34*f + 34. Let u(b) = 14*b - 16. Let m(w) = 12*u(w) + 5*x(w). Calculate m(-3).
-16
Let p(i) be the first derivative of i**3 + 7*i**2 + 16*i + 2837. What is p(-5)?
21
Let k(g) = g**2 - 62*g + 158. Let r be k(3). Let a(n) = n**3 + 18*n**2 - 18*n + 17. Calculate a(r).
-2
Let k(o) be the third derivative of -o**8/6720 + o**7/420 - o**6/144 - o**5/30 - 23*o**4/24 - 97*o**2. Let w(n) be the second derivative of k(n). What is w(5)?
-4
Let t = 3405 - 3399. Let m be (9 - (0 - -4))/1. Let h(i) = -4 + 1 - m + i. Determine h(t).
-2
Let x(f) = -2*f**3 + 6 - 15*f**3 + 19*f**3 + f. Calculate x(-2).
-12
Suppose -2*g - 8 = 5*l + 9, -3*l + g - 8 = 0. Let z(f) = 2*f**2 + 3*f + 5. Give z(l).
14
Let x(c) = 193 + c**2 - 104 - 105 + 17*c. Calculate x(-13).
-68
Let n = 11 - 7. Let b(r) be the third derivative of 7*r**4/24 - 5*r**3/3 + 2375*r**2. Calculate b(n).
18
Let x(r) = 0*r + 2